{"version":"1.0","provider_name":"Portes des Iris","provider_url":"https:\/\/portesdesiris.ch\/en\/","author_name":"Portes des Iris","author_url":"https:\/\/portesdesiris.ch\/en\/author\/portesdesiris\/","title":"Vincent & Laetitia's wedding at Portes des Iris - Portes des Iris","type":"rich","width":600,"height":338,"html":"<blockquote class=\"wp-embedded-content\" data-secret=\"hatpwptK8W\"><a href=\"https:\/\/portesdesiris.ch\/en\/vincent-laetitias-wedding-at-portes-des-iris\/\">Vincent &#038; Laetitia&#8217;s wedding at Portes des Iris<\/a><\/blockquote><iframe sandbox=\"allow-scripts\" security=\"restricted\" src=\"https:\/\/portesdesiris.ch\/en\/vincent-laetitias-wedding-at-portes-des-iris\/embed\/#?secret=hatpwptK8W\" width=\"600\" height=\"338\" title=\"&#8220;Vincent &#038; Laetitia&#8217;s wedding at Portes des Iris&#8221; &#8212; Portes des Iris\" data-secret=\"hatpwptK8W\" frameborder=\"0\" marginwidth=\"0\" marginheight=\"0\" scrolling=\"no\" class=\"wp-embedded-content\"><\/iframe><script type=\"text\/javascript\">\n\/* <![CDATA[ *\/\n\/*! This file is auto-generated *\/\n!function(d,l){\"use strict\";l.querySelector&&d.addEventListener&&\"undefined\"!=typeof URL&&(d.wp=d.wp||{},d.wp.receiveEmbedMessage||(d.wp.receiveEmbedMessage=function(e){var t=e.data;if((t||t.secret||t.message||t.value)&&!\/[^a-zA-Z0-9]\/.test(t.secret)){for(var s,r,n,a=l.querySelectorAll('iframe[data-secret=\"'+t.secret+'\"]'),o=l.querySelectorAll('blockquote[data-secret=\"'+t.secret+'\"]'),c=new RegExp(\"^https?:$\",\"i\"),i=0;i<o.length;i++)o[i].style.display=\"none\";for(i=0;i<a.length;i++)s=a[i],e.source===s.contentWindow&&(s.removeAttribute(\"style\"),\"height\"===t.message?(1e3<(r=parseInt(t.value,10))?r=1e3:~~r<200&&(r=200),s.height=r):\"link\"===t.message&&(r=new URL(s.getAttribute(\"src\")),n=new URL(t.value),c.test(n.protocol))&&n.host===r.host&&l.activeElement===s&&(d.top.location.href=t.value))}},d.addEventListener(\"message\",d.wp.receiveEmbedMessage,!1),l.addEventListener(\"DOMContentLoaded\",function(){for(var e,t,s=l.querySelectorAll(\"iframe.wp-embedded-content\"),r=0;r<s.length;r++)(t=(e=s[r]).getAttribute(\"data-secret\"))||(t=Math.random().toString(36).substring(2,12),e.src+=\"#?secret=\"+t,e.setAttribute(\"data-secret\",t)),e.contentWindow.postMessage({message:\"ready\",secret:t},\"*\")},!1)))}(window,document);\n\/\/# sourceURL=https:\/\/portesdesiris.ch\/wp-includes\/js\/wp-embed.min.js\n\/* ]]> *\/\n<\/script>\n","thumbnail_url":"https:\/\/portesdesiris.ch\/wp-content\/uploads\/2019\/12\/portes-des-iris-ceremonie-laique-12.jpeg","thumbnail_width":1900,"thumbnail_height":1267,"description":"La grande saison des mariages d'\u00e9t\u00e9 est presque termin\u00e9e ! Affair\u00e9es \u00e0 cr\u00e9er des journ\u00e9es inoubliables pour nos futurs mari\u00e9s de 2020, nous avons une pens\u00e9e pour tous les magnifiques mariages qui se sont d\u00e9roul\u00e9s depuis 21 ann\u00e9es aux Portes des Iris."}

La grande saison des mariages d'été est presque terminée ! Affairées à créer des journées inoubliables pour nos futurs mariés de 2020, nous avons une pensée pour tous les magnifiques mariages qui se sont déroulés depuis 21 années aux Portes des Iris.
